{"id":219,"date":"2017-12-28T00:52:50","date_gmt":"2017-12-28T00:52:50","guid":{"rendered":"http:\/\/kbryant.de\/?page_id=219"},"modified":"2020-08-25T22:32:51","modified_gmt":"2020-08-25T20:32:51","slug":"jobboerse","status":"publish","type":"page","link":"https:\/\/kbryant.de\/blog\/jobboerse\/","title":{"rendered":"Jobb\u00f6rse"},"content":{"rendered":"<p>[et_pb_section fb_built=&#8220;1&#8243; fullwidth=&#8220;on&#8220; _builder_version=&#8220;3.27.4&#8243; background_enable_image=&#8220;off&#8220;][et_pb_fullwidth_slider show_arrows=&#8220;off&#8220; show_image_video_mobile=&#8220;on&#8220; _builder_version=&#8220;3.27.4&#8243; auto=&#8220;on&#8220; auto_speed=&#8220;4000&#8243; box_shadow_style=&#8220;preset6&#8243; box_shadow_blur=&#8220;10px&#8220; box_shadow_color=&#8220;rgba(0,0,0,0.1)&#8220; button_text_size__hover_enabled=&#8220;off&#8220; button_one_text_size__hover_enabled=&#8220;off&#8220; button_two_text_size__hover_enabled=&#8220;off&#8220; button_text_color__hover_enabled=&#8220;off&#8220; button_one_text_color__hover_enabled=&#8220;off&#8220; button_two_text_color__hover_enabled=&#8220;off&#8220; button_border_width__hover_enabled=&#8220;off&#8220; button_one_border_width__hover_enabled=&#8220;off&#8220; button_two_border_width__hover_enabled=&#8220;off&#8220; button_border_color__hover_enabled=&#8220;off&#8220; button_one_border_color__hover_enabled=&#8220;off&#8220; button_two_border_color__hover_enabled=&#8220;off&#8220; button_border_radius__hover_enabled=&#8220;off&#8220; button_one_border_radius__hover_enabled=&#8220;off&#8220; button_two_border_radius__hover_enabled=&#8220;off&#8220; button_letter_spacing__hover_enabled=&#8220;off&#8220; button_one_letter_spacing__hover_enabled=&#8220;off&#8220; button_two_letter_spacing__hover_enabled=&#8220;off&#8220; button_bg_color__hover_enabled=&#8220;off&#8220; button_one_bg_color__hover_enabled=&#8220;off&#8220; button_two_bg_color__hover_enabled=&#8220;off&#8220;][et_pb_slide _builder_version=&#8220;3.27.4&#8243; background_image=&#8220;https:\/\/kbryant.de\/blog\/wp-content\/uploads\/2019\/11\/kbryant-header3-1.jpg&#8220; background_enable_image=&#8220;on&#8220;][\/et_pb_slide][\/et_pb_fullwidth_slider][\/et_pb_section][et_pb_section fb_built=&#8220;1&#8243; specialty=&#8220;on&#8220; disabled_on=&#8220;off|off|off&#8220; _builder_version=&#8220;3.27.4&#8243;][et_pb_column type=&#8220;3_4&#8243; specialty_columns=&#8220;3&#8243; _builder_version=&#8220;3.25&#8243; custom_padding=&#8220;|||&#8220; custom_padding__hover=&#8220;|||&#8220;][et_pb_row_inner admin_label=&#8220;Zeile&#8220; _builder_version=&#8220;3.25&#8243;][et_pb_column_inner saved_specialty_column_type=&#8220;3_4&#8243; _builder_version=&#8220;3.25&#8243; custom_padding=&#8220;|||&#8220; custom_padding__hover=&#8220;|||&#8220;][et_pb_text _builder_version=&#8220;3.27.4&#8243; text_font=&#8220;|300|||||||&#8220; header_font=&#8220;|700|||||||&#8220; header_text_color=&#8220;#000000&#8243; header_line_height=&#8220;3em&#8220; text_orientation=&#8220;center&#8220; header_font_size_tablet=&#8220;&#8220; header_font_size_phone=&#8220;25px&#8220; header_font_size_last_edited=&#8220;on|phone&#8220; header_line_height_tablet=&#8220;&#8220; header_line_height_phone=&#8220;1.5em&#8220; header_line_height_last_edited=&#8220;on|desktop&#8220;]<\/p>\n<h1 style=\"text-align: left;\">KBryant Jobb\u00f6rse &#8211; Bundesweite Stellenangebote<\/h1>\n<p>[\/et_pb_text][et_pb_filterable_portfolio posts_number=&#8220;15&#8243; include_categories=&#8220;31,50,97,32,107,116,110,178,49,175,117,111,180,47,106,177,181,98,34,109,45,105,60,99,174,103,197,193,196,195,101&#8243; disabled_on=&#8220;off|off|off&#8220; admin_label=&#8220;Jobb\u00f6rse&#8220; _builder_version=&#8220;3.27.4&#8243; title_font=&#8220;|||||on|||&#8220; title_text_color=&#8220;#f9ab32&#8243; title_font_size=&#8220;20&#8243; filter_font_size=&#8220;16&#8243; title_line_height_tablet=&#8220;2&#8243; pagination_font_size_tablet=&#8220;51&#8243; pagination_line_height_tablet=&#8220;2&#8243; border_radii=&#8220;|0px|0px|0px|0px&#8220; border_width_top=&#8220;1px&#8220; border_color_top=&#8220;#d8d8d8&#8243;][\/et_pb_filterable_portfolio][\/et_pb_column_inner][\/et_pb_row_inner][\/et_pb_column][et_pb_column type=&#8220;1_4&#8243; _builder_version=&#8220;3.25&#8243; custom_padding=&#8220;|||&#8220; custom_padding__hover=&#8220;|||&#8220;][et_pb_text _builder_version=&#8220;4.5.6&#8243; text_text_color=&#8220;#000000&#8243; custom_margin=&#8220;|||-20px|false|false&#8220; global_module=&#8220;2306&#8243; saved_tabs=&#8220;all&#8220;]<\/p>\n<p>Folgt uns auf unseren Social Media Kan\u00e4len:<\/p>\n<p>[\/et_pb_text][et_pb_social_media_follow _builder_version=&#8220;4.4.8&#8243; custom_margin=&#8220;-30px||||false|false&#8220; global_module=&#8220;2307&#8243; saved_tabs=&#8220;all&#8220;][et_pb_social_media_follow_network social_network=&#8220;facebook&#8220; url=&#8220;https:\/\/www.facebook.com\/kbryantgmbh&#8220; _builder_version=&#8220;4.4.8&#8243; background_color=&#8220;#3b5998&#8243; follow_button=&#8220;off&#8220; url_new_window=&#8220;on&#8220;]<\/p>\n<p>Facebook<\/p>\n<p>[\/et_pb_social_media_follow_network][et_pb_social_media_follow_network social_network=&#8220;twitter&#8220; url=&#8220;https:\/\/twitter.com\/kbryant_gmbh&#8220; _builder_version=&#8220;3.0.94&#8243; background_color=&#8220;#00aced&#8220; follow_button=&#8220;off&#8220; url_new_window=&#8220;on&#8220;]<\/p>\n<p>Twitter<\/p>\n<p>[\/et_pb_social_media_follow_network][et_pb_social_media_follow_network social_network=&#8220;instagram&#8220; url=&#8220;https:\/\/www.instagram.com\/kbryant_gmbh&#8220; _builder_version=&#8220;3.0.94&#8243; background_color=&#8220;#e4405f&#8220; follow_button=&#8220;off&#8220; url_new_window=&#8220;on&#8220;]<\/p>\n<p>Instagram<\/p>\n<p>[\/et_pb_social_media_follow_network][et_pb_social_media_follow_network social_network=&#8220;linkedin&#8220; url=&#8220;https:\/\/www.linkedin.com\/company\/kbryantgmbh&#8220; _builder_version=&#8220;3.0.94&#8243; background_color=&#8220;#007bb6&#8243; follow_button=&#8220;off&#8220; url_new_window=&#8220;on&#8220;]<\/p>\n<p>LinkedIn<\/p>\n<p>[\/et_pb_social_media_follow_network][et_pb_social_media_follow_network _builder_version=&#8220;3.27.4&#8243; follow_button=&#8220;off&#8220; url_new_window=&#8220;on&#8220;][\/et_pb_social_media_follow_network][\/et_pb_social_media_follow][et_pb_sidebar orientation=&#8220;right&#8220; area=&#8220;sidebar-1&#8243; _builder_version=&#8220;3.27.4&#8243; body_font=&#8220;|300|||||||&#8220; body_font_size=&#8220;15px&#8220; body_line_height=&#8220;1.5em&#8220; global_module=&#8220;3416&#8243; saved_tabs=&#8220;all&#8220;][\/et_pb_sidebar][\/et_pb_column][\/et_pb_section][et_pb_section fb_built=&#8220;1&#8243; specialty=&#8220;on&#8220; _builder_version=&#8220;3.27.4&#8243; disabled=&#8220;on&#8220; collapsed=&#8220;on&#8220;][et_pb_column type=&#8220;3_4&#8243; specialty_columns=&#8220;3&#8243; _builder_version=&#8220;3.25&#8243; custom_padding=&#8220;|||&#8220; custom_padding__hover=&#8220;|||&#8220;][et_pb_row_inner admin_label=&#8220;Zeile&#8220; _builder_version=&#8220;3.27.4&#8243;][et_pb_column_inner saved_specialty_column_type=&#8220;3_4&#8243; _builder_version=&#8220;3.25&#8243; custom_padding=&#8220;|||&#8220; custom_padding__hover=&#8220;|||&#8220;][et_pb_text _builder_version=&#8220;3.27.4&#8243; text_font=&#8220;|300|||||||&#8220; header_font=&#8220;|700||on|||||&#8220; header_text_color=&#8220;#f9ab32&#8243; header_line_height=&#8220;3em&#8220; text_orientation=&#8220;center&#8220;]<\/p>\n<h1 style=\"text-align: left;\">KBryant Jobb\u00f6rse &#8211; Bundesweite Stellenangebote<\/h1>\n<p>[\/et_pb_text][et_pb_filterable_portfolio include_categories=&#8220;43,32,42,31,39,50,41,40&#8243; disabled_on=&#8220;off|off|off&#8220; admin_label=&#8220;Jobb\u00f6rse&#8220; _builder_version=&#8220;3.27.4&#8243; title_font=&#8220;|||on|||||&#8220; title_text_color=&#8220;#f9ab32&#8243; title_font_size=&#8220;20&#8243; filter_font_size=&#8220;16&#8243; title_line_height_tablet=&#8220;2&#8243; pagination_font_size_tablet=&#8220;51&#8243; pagination_line_height_tablet=&#8220;2&#8243; border_radii=&#8220;|0px|0px|0px|0px&#8220; border_width_top=&#8220;1px&#8220; border_color_top=&#8220;#d8d8d8&#8243;][\/et_pb_filterable_portfolio][\/et_pb_column_inner][\/et_pb_row_inner][\/et_pb_column][et_pb_column type=&#8220;1_4&#8243; _builder_version=&#8220;3.25&#8243; custom_padding=&#8220;|||&#8220; custom_padding__hover=&#8220;|||&#8220;][et_pb_sidebar area=&#8220;et_pb_widget_area_2&#8243; _builder_version=&#8220;3.0.94&#8243;][\/et_pb_sidebar][\/et_pb_column][\/et_pb_section]<\/p>\n","protected":false},"excerpt":{"rendered":"<p>KBryant Jobb\u00f6rse &#8211; Bundesweite StellenangeboteFolgt uns auf unseren Social Media Kan\u00e4len: FacebookTwitterInstagramLinkedInKBryant Jobb\u00f6rse &#8211; Bundesweite Stellenangebote<\/p>\n","protected":false},"author":7,"featured_media":3333,"parent":0,"menu_order":0,"comment_status":"closed","ping_status":"closed","template":"","meta":{"_et_pb_use_builder":"on","_et_pb_old_content":"","_et_gb_content_width":"","footnotes":""},"tags":[],"yoast_head":"<!-- This site is optimized with the Yoast SEO plugin v24.5 - https:\/\/yoast.com\/wordpress\/plugins\/seo\/ -->\n<title>Jobb\u00f6rse f\u00fcr bundesweite Jobs | Bewerben Sie sich online bei KBryant<\/title>\n<meta name=\"description\" content=\"Bundesweite Stellenangebote im Bereich IT, Finance, Banking und Office. Bewerben Sie sich noch heute online bei KBryant.\" \/>\n<meta name=\"robots\" content=\"index, follow, max-snippet:-1, max-image-preview:large, max-video-preview:-1\" \/>\n<link rel=\"canonical\" href=\"https:\/\/kbryant.de\/blog\/jobboerse\/\" \/>\n<meta property=\"og:locale\" content=\"de_DE\" \/>\n<meta property=\"og:type\" content=\"article\" \/>\n<meta property=\"og:title\" content=\"Jobb\u00f6rse f\u00fcr bundesweite Jobs | Bewerben Sie sich online bei KBryant\" \/>\n<meta property=\"og:description\" content=\"Bundesweite Stellenangebote im Bereich IT, Finance, Banking und Office. Bewerben Sie sich noch heute online bei KBryant.\" \/>\n<meta property=\"og:url\" content=\"https:\/\/kbryant.de\/blog\/jobboerse\/\" \/>\n<meta property=\"og:site_name\" content=\"KBryant\" \/>\n<meta property=\"article:publisher\" content=\"https:\/\/www.facebook.com\/kbryantgmbh\" \/>\n<meta property=\"article:modified_time\" content=\"2020-08-25T20:32:51+00:00\" \/>\n<meta property=\"og:image\" content=\"https:\/\/kbryant.de\/blog\/wp-content\/uploads\/2020\/04\/jobboerse.jpg\" \/>\n\t<meta property=\"og:image:width\" content=\"500\" \/>\n\t<meta property=\"og:image:height\" content=\"279\" \/>\n\t<meta property=\"og:image:type\" content=\"image\/jpeg\" \/>\n<meta name=\"twitter:card\" content=\"summary_large_image\" \/>\n<meta name=\"twitter:site\" content=\"@kbryant_gmbh\" \/>\n<meta name=\"twitter:label1\" content=\"Gesch\u00e4tzte Lesezeit\" \/>\n\t<meta name=\"twitter:data1\" content=\"4\u00a0Minuten\" \/>\n<script type=\"application\/ld+json\" class=\"yoast-schema-graph\">{\"@context\":\"https:\/\/schema.org\",\"@graph\":[{\"@type\":\"WebPage\",\"@id\":\"https:\/\/kbryant.de\/blog\/jobboerse\/\",\"url\":\"https:\/\/kbryant.de\/blog\/jobboerse\/\",\"name\":\"Jobb\u00f6rse f\u00fcr bundesweite Jobs | Bewerben Sie sich online bei KBryant\",\"isPartOf\":{\"@id\":\"https:\/\/kbryant.de\/blog\/#website\"},\"primaryImageOfPage\":{\"@id\":\"https:\/\/kbryant.de\/blog\/jobboerse\/#primaryimage\"},\"image\":{\"@id\":\"https:\/\/kbryant.de\/blog\/jobboerse\/#primaryimage\"},\"thumbnailUrl\":\"https:\/\/kbryant.de\/blog\/wp-content\/uploads\/2020\/04\/jobboerse.jpg\",\"datePublished\":\"2017-12-28T00:52:50+00:00\",\"dateModified\":\"2020-08-25T20:32:51+00:00\",\"description\":\"Bundesweite Stellenangebote im Bereich IT, Finance, Banking und Office. Bewerben Sie sich noch heute online bei KBryant.\",\"breadcrumb\":{\"@id\":\"https:\/\/kbryant.de\/blog\/jobboerse\/#breadcrumb\"},\"inLanguage\":\"de\",\"potentialAction\":[{\"@type\":\"ReadAction\",\"target\":[\"https:\/\/kbryant.de\/blog\/jobboerse\/\"]}]},{\"@type\":\"ImageObject\",\"inLanguage\":\"de\",\"@id\":\"https:\/\/kbryant.de\/blog\/jobboerse\/#primaryimage\",\"url\":\"https:\/\/kbryant.de\/blog\/wp-content\/uploads\/2020\/04\/jobboerse.jpg\",\"contentUrl\":\"https:\/\/kbryant.de\/blog\/wp-content\/uploads\/2020\/04\/jobboerse.jpg\",\"width\":500,\"height\":279},{\"@type\":\"BreadcrumbList\",\"@id\":\"https:\/\/kbryant.de\/blog\/jobboerse\/#breadcrumb\",\"itemListElement\":[{\"@type\":\"ListItem\",\"position\":1,\"name\":\"Startseite\",\"item\":\"https:\/\/kbryant.de\/blog\/\"},{\"@type\":\"ListItem\",\"position\":2,\"name\":\"Jobb\u00f6rse\"}]},{\"@type\":\"WebSite\",\"@id\":\"https:\/\/kbryant.de\/blog\/#website\",\"url\":\"https:\/\/kbryant.de\/blog\/\",\"name\":\"KBryant\",\"description\":\"Personalvermittlung\",\"potentialAction\":[{\"@type\":\"SearchAction\",\"target\":{\"@type\":\"EntryPoint\",\"urlTemplate\":\"https:\/\/kbryant.de\/blog\/?s={search_term_string}\"},\"query-input\":{\"@type\":\"PropertyValueSpecification\",\"valueRequired\":true,\"valueName\":\"search_term_string\"}}],\"inLanguage\":\"de\"}]}<\/script>\n<!-- \/ Yoast SEO plugin. -->","yoast_head_json":{"title":"Jobb\u00f6rse f\u00fcr bundesweite Jobs | Bewerben Sie sich online bei KBryant","description":"Bundesweite Stellenangebote im Bereich IT, Finance, Banking und Office. Bewerben Sie sich noch heute online bei KBryant.","robots":{"index":"index","follow":"follow","max-snippet":"max-snippet:-1","max-image-preview":"max-image-preview:large","max-video-preview":"max-video-preview:-1"},"canonical":"https:\/\/kbryant.de\/blog\/jobboerse\/","og_locale":"de_DE","og_type":"article","og_title":"Jobb\u00f6rse f\u00fcr bundesweite Jobs | Bewerben Sie sich online bei KBryant","og_description":"Bundesweite Stellenangebote im Bereich IT, Finance, Banking und Office. Bewerben Sie sich noch heute online bei KBryant.","og_url":"https:\/\/kbryant.de\/blog\/jobboerse\/","og_site_name":"KBryant","article_publisher":"https:\/\/www.facebook.com\/kbryantgmbh","article_modified_time":"2020-08-25T20:32:51+00:00","og_image":[{"width":500,"height":279,"url":"https:\/\/kbryant.de\/blog\/wp-content\/uploads\/2020\/04\/jobboerse.jpg","type":"image\/jpeg"}],"twitter_card":"summary_large_image","twitter_site":"@kbryant_gmbh","twitter_misc":{"Gesch\u00e4tzte Lesezeit":"4\u00a0Minuten"},"schema":{"@context":"https:\/\/schema.org","@graph":[{"@type":"WebPage","@id":"https:\/\/kbryant.de\/blog\/jobboerse\/","url":"https:\/\/kbryant.de\/blog\/jobboerse\/","name":"Jobb\u00f6rse f\u00fcr bundesweite Jobs | Bewerben Sie sich online bei KBryant","isPartOf":{"@id":"https:\/\/kbryant.de\/blog\/#website"},"primaryImageOfPage":{"@id":"https:\/\/kbryant.de\/blog\/jobboerse\/#primaryimage"},"image":{"@id":"https:\/\/kbryant.de\/blog\/jobboerse\/#primaryimage"},"thumbnailUrl":"https:\/\/kbryant.de\/blog\/wp-content\/uploads\/2020\/04\/jobboerse.jpg","datePublished":"2017-12-28T00:52:50+00:00","dateModified":"2020-08-25T20:32:51+00:00","description":"Bundesweite Stellenangebote im Bereich IT, Finance, Banking und Office. Bewerben Sie sich noch heute online bei KBryant.","breadcrumb":{"@id":"https:\/\/kbryant.de\/blog\/jobboerse\/#breadcrumb"},"inLanguage":"de","potentialAction":[{"@type":"ReadAction","target":["https:\/\/kbryant.de\/blog\/jobboerse\/"]}]},{"@type":"ImageObject","inLanguage":"de","@id":"https:\/\/kbryant.de\/blog\/jobboerse\/#primaryimage","url":"https:\/\/kbryant.de\/blog\/wp-content\/uploads\/2020\/04\/jobboerse.jpg","contentUrl":"https:\/\/kbryant.de\/blog\/wp-content\/uploads\/2020\/04\/jobboerse.jpg","width":500,"height":279},{"@type":"BreadcrumbList","@id":"https:\/\/kbryant.de\/blog\/jobboerse\/#breadcrumb","itemListElement":[{"@type":"ListItem","position":1,"name":"Startseite","item":"https:\/\/kbryant.de\/blog\/"},{"@type":"ListItem","position":2,"name":"Jobb\u00f6rse"}]},{"@type":"WebSite","@id":"https:\/\/kbryant.de\/blog\/#website","url":"https:\/\/kbryant.de\/blog\/","name":"KBryant","description":"Personalvermittlung","potentialAction":[{"@type":"SearchAction","target":{"@type":"EntryPoint","urlTemplate":"https:\/\/kbryant.de\/blog\/?s={search_term_string}"},"query-input":{"@type":"PropertyValueSpecification","valueRequired":true,"valueName":"search_term_string"}}],"inLanguage":"de"}]}},"_links":{"self":[{"href":"https:\/\/kbryant.de\/blog\/wp-json\/wp\/v2\/pages\/219"}],"collection":[{"href":"https:\/\/kbryant.de\/blog\/wp-json\/wp\/v2\/pages"}],"about":[{"href":"https:\/\/kbryant.de\/blog\/wp-json\/wp\/v2\/types\/page"}],"author":[{"embeddable":true,"href":"https:\/\/kbryant.de\/blog\/wp-json\/wp\/v2\/users\/7"}],"replies":[{"embeddable":true,"href":"https:\/\/kbryant.de\/blog\/wp-json\/wp\/v2\/comments?post=219"}],"version-history":[{"count":52,"href":"https:\/\/kbryant.de\/blog\/wp-json\/wp\/v2\/pages\/219\/revisions"}],"predecessor-version":[{"id":4022,"href":"https:\/\/kbryant.de\/blog\/wp-json\/wp\/v2\/pages\/219\/revisions\/4022"}],"wp:featuredmedia":[{"embeddable":true,"href":"https:\/\/kbryant.de\/blog\/wp-json\/wp\/v2\/media\/3333"}],"wp:attachment":[{"href":"https:\/\/kbryant.de\/blog\/wp-json\/wp\/v2\/media?parent=219"}],"wp:term":[{"taxonomy":"post_tag","embeddable":true,"href":"https:\/\/kbryant.de\/blog\/wp-json\/wp\/v2\/tags?post=219"}],"curies":[{"name":"wp","href":"https:\/\/api.w.org\/{rel}","templated":true}]}}