{"id":107,"date":"2017-12-27T20:53:38","date_gmt":"2017-12-27T20:53:38","guid":{"rendered":"http:\/\/kbryant.de\/?page_id=107"},"modified":"2019-09-09T14:01:46","modified_gmt":"2019-09-09T12:01:46","slug":"fuer-bewerber","status":"publish","type":"page","link":"https:\/\/kbryant.de\/blog\/fuer-bewerber\/","title":{"rendered":"F\u00fcr Bewerber"},"content":{"rendered":"<p>[et_pb_section fb_built=&#8220;1&#8243; fullwidth=&#8220;on&#8220; _builder_version=&#8220;3.22&#8243; animation_direction=&#8220;left&#8220; fb_built=&#8220;1&#8243; _i=&#8220;0&#8243; _address=&#8220;0&#8243;][et_pb_fullwidth_slider show_arrows=&#8220;off&#8220; show_image_video_mobile=&#8220;on&#8220; _builder_version=&#8220;3.27.4&#8243; box_shadow_style=&#8220;preset6&#8243; box_shadow_blur=&#8220;10px&#8220; box_shadow_color=&#8220;rgba(0,0,0,0.1)&#8220; auto=&#8220;on&#8220; auto_speed=&#8220;4000&#8243; _i=&#8220;0&#8243; _address=&#8220;0.0&#8243; button_text_size__hover_enabled=&#8220;off&#8220; button_one_text_size__hover_enabled=&#8220;off&#8220; button_two_text_size__hover_enabled=&#8220;off&#8220; button_text_color__hover_enabled=&#8220;off&#8220; button_one_text_color__hover_enabled=&#8220;off&#8220; button_two_text_color__hover_enabled=&#8220;off&#8220; button_border_width__hover_enabled=&#8220;off&#8220; button_one_border_width__hover_enabled=&#8220;off&#8220; button_two_border_width__hover_enabled=&#8220;off&#8220; button_border_color__hover_enabled=&#8220;off&#8220; button_one_border_color__hover_enabled=&#8220;off&#8220; button_two_border_color__hover_enabled=&#8220;off&#8220; button_border_radius__hover_enabled=&#8220;off&#8220; button_one_border_radius__hover_enabled=&#8220;off&#8220; button_two_border_radius__hover_enabled=&#8220;off&#8220; button_letter_spacing__hover_enabled=&#8220;off&#8220; button_one_letter_spacing__hover_enabled=&#8220;off&#8220; button_two_letter_spacing__hover_enabled=&#8220;off&#8220; button_bg_color__hover_enabled=&#8220;off&#8220; button_one_bg_color__hover_enabled=&#8220;off&#8220; button_two_bg_color__hover_enabled=&#8220;off&#8220;][et_pb_slide _builder_version=&#8220;3.27.4&#8243; background_image=&#8220;https:\/\/kbryant.de\/blog\/wp-content\/uploads\/2017\/12\/webseite_Startseite_01.png&#8220; background_enable_image=&#8220;on&#8220; hover_enabled=&#8220;0&#8243; _i=&#8220;0&#8243; _address=&#8220;0.0.0&#8243;][\/et_pb_slide][\/et_pb_fullwidth_slider][\/et_pb_section][et_pb_section fb_built=&#8220;1&#8243; _builder_version=&#8220;3.22&#8243; animation_direction=&#8220;right&#8220; fb_built=&#8220;1&#8243; _i=&#8220;1&#8243; _address=&#8220;1&#8243;][et_pb_row _builder_version=&#8220;3.25&#8243; background_size=&#8220;initial&#8220; background_position=&#8220;top_left&#8220; background_repeat=&#8220;repeat&#8220; _i=&#8220;0&#8243; _address=&#8220;1.0&#8243;][et_pb_column type=&#8220;4_4&#8243; _builder_version=&#8220;3.25&#8243; custom_padding=&#8220;|||&#8220; _i=&#8220;0&#8243; _address=&#8220;1.0.0&#8243; custom_padding__hover=&#8220;|||&#8220;][et_pb_text admin_label=&#8220;\u00dcberschrift 1&#8243; _builder_version=&#8220;3.27.4&#8243; text_font=&#8220;|700||on|||||&#8220; text_text_color=&#8220;#f9ab32&#8243; text_line_height=&#8220;1&#8243; header_font=&#8220;|700||on|||||&#8220; header_text_align=&#8220;left&#8220; header_text_color=&#8220;#f9ab32&#8243; text_orientation=&#8220;right&#8220; _i=&#8220;0&#8243; _address=&#8220;1.0.0.0&#8243;]<\/p>\n<h1 style=\"text-align: left;\">Werden Sie zum Playmaker! \u2013 Eine Bewerbung gen\u00fcgt.<\/h1>\n<p>[\/et_pb_text][et_pb_text _builder_version=&#8220;3.27.4&#8243; text_font=&#8220;|300|||||||&#8220; header_font=&#8220;|700||on|||||&#8220; header_text_align=&#8220;left&#8220; header_text_color=&#8220;#f9ab32&#8243; header_line_height=&#8220;3em&#8220; _i=&#8220;1&#8243; _address=&#8220;1.0.0.1&#8243;]Sie m\u00f6chten sich weiterentwickeln oder suchen eine neue Perspektive? Da haben Sie bei uns den Volltreffer gelandet. Bei KBryant erhalten Sie immer aktuelle Jobangebote, k\u00f6nnen sich direkt und initiativ bewerben oder sich von unserem Team umfassend und kompetent beraten lassen.<br \/>\n[\/et_pb_text][et_pb_text admin_label=&#8220;Unter\u00fcberschrift&#8220; _builder_version=&#8220;3.27.4&#8243; text_font=&#8220;|700|||||||&#8220; text_text_color=&#8220;#f9ab32&#8243; text_line_height=&#8220;1&#8243; header_font=&#8220;|700||on|||||&#8220; header_text_align=&#8220;left&#8220; header_text_color=&#8220;#f9ab32&#8243; _i=&#8220;2&#8243; _address=&#8220;1.0.0.2&#8243;]<strong>Egal ob Initiativbewerbung oder Bewerbung auf ein Jobangebot \u2013 versuchen Sie es!<\/strong><br \/>\n[\/et_pb_text][et_pb_text _builder_version=&#8220;3.27.4&#8243; text_font=&#8220;|300|||||||&#8220; header_font=&#8220;|700||on|||||&#8220; header_text_align=&#8220;left&#8220; header_text_color=&#8220;#f9ab32&#8243; header_line_height=&#8220;3em&#8220; _i=&#8220;3&#8243; _address=&#8220;1.0.0.3&#8243;]Schneller geht\u2019s nicht: In der <a href=\"..\/jobboerse\/\"><strong>Jobb\u00f6rse<\/strong><\/a>\u00a0finden Sie kinderleicht nach Branchen sortierte Stellenangebote. Und wenn Sie f\u00fcndig werden oder sich initiativ bewerben m\u00f6chten, schicken Sie einfach Ihre Bewerbungsunterlagen, Anschreiben, Lebenslauf und Zeugnisse an <strong><a href=\"mailto:bewerbung@kbryant.de\">bewerbung@kbryant.de<\/a><\/strong>\u00a0oder nutzen unser\u00a0<strong><a href=\"..\/kontakt\/\">Kontaktformular<\/a>\u00a0<\/strong>f\u00fcr die erste unverbindliche Anfrage.<\/p>\n<p><strong>Wir melden uns umgehend bei Ihnen, um das weitere Vorgehen zu besprechen. Viel Erfolg!<\/strong><\/p>\n<p>&nbsp;<br \/>\n[\/et_pb_text][et_pb_divider show_divider=&#8220;off&#8220; admin_label=&#8220;Teiler Ball&#8220; _builder_version=&#8220;3.2&#8243; background_image=&#8220;https:\/\/kbryant.de\/blog\/wp-content\/uploads\/2017\/12\/Mittellinie_oben.png&#8220; background_size=&#8220;contain&#8220; height=&#8220;36px&#8220; global_module=&#8220;120&#8243; saved_tabs=&#8220;all&#8220; _i=&#8220;3&#8243; _address=&#8220;2.0.0.3&#8243;]<\/p>\n<p>[\/et_pb_divider][\/et_pb_column][\/et_pb_row][et_pb_row column_structure=&#8220;1_3,1_3,1_3&#8243; make_equal=&#8220;on&#8220; _builder_version=&#8220;3.25&#8243; _i=&#8220;1&#8243; _address=&#8220;1.1&#8243;][et_pb_column type=&#8220;1_3&#8243; _builder_version=&#8220;3.25&#8243; custom_padding=&#8220;|||&#8220; _i=&#8220;0&#8243; _address=&#8220;1.1.0&#8243; custom_padding__hover=&#8220;|||&#8220;][et_pb_text disabled_on=&#8220;on||&#8220; _builder_version=&#8220;3.27.4&#8243; text_font=&#8220;|700|||||||&#8220; text_text_color=&#8220;#777777&#8243; header_font=&#8220;|700|||||||&#8220; header_text_color=&#8220;#777777&#8243; header_font_size=&#8220;22pt&#8220; text_orientation=&#8220;center&#8220; _i=&#8220;0&#8243; _address=&#8220;1.1.0.0&#8243;]Online-Jobs einfach finden<br \/>\n[\/et_pb_text][et_pb_text disabled_on=&#8220;|on|on&#8220; admin_label=&#8220;Text mobil&#8220; _builder_version=&#8220;3.27.4&#8243; text_font=&#8220;|700|||||||&#8220; text_text_color=&#8220;#777777&#8243; header_font=&#8220;|700|||||||&#8220; header_text_color=&#8220;#777777&#8243; header_font_size=&#8220;22pt&#8220; hover_enabled=&#8220;0&#8243; _i=&#8220;1&#8243; _address=&#8220;1.1.0.1&#8243;]Online-Jobs einfach finden<br \/>\n[\/et_pb_text][et_pb_blurb image=&#8220;https:\/\/kbryant.de\/blog\/wp-content\/uploads\/2017\/12\/Bewerber_Kreis_OnlineJobs.png&#8220; _builder_version=&#8220;3.0.94&#8243; header_level=&#8220;h3&#8243; header_font=&#8220;|700|||||||&#8220; header_text_align=&#8220;left&#8220; header_text_color=&#8220;#a8aaac&#8220; body_font=&#8220;|300|||||||&#8220; body_text_align=&#8220;left&#8220; body_text_color=&#8220;#a8aaac&#8220; _i=&#8220;2&#8243; _address=&#8220;1.1.0.2&#8243;]Wir bieten Ihnen alle M\u00f6glichkeiten, damit Sie den perfekten Job in einem attraktiven Unternehmen Ihrer Wahl finden. Mithilfe unserer Jobb\u00f6rse finden Sie schnell und unkompliziert verschiedenste Vorschl\u00e4ge f\u00fcr Stellenangebote, die genau auf Ihre F\u00e4higkeiten und Berufserfahrungen abgestimmt sind. Oder suchen Sie etwas ganz anderes? Dann bewerben Sie sich initiativ und direkt bei uns.<br \/>\n[\/et_pb_blurb][et_pb_text _builder_version=&#8220;3.27.4&#8243; text_font=&#8220;|||on|||||&#8220; text_text_color=&#8220;#f9ab32&#8243; _i=&#8220;3&#8243; _address=&#8220;1.1.0.3&#8243;]Wir werden sofort t\u00e4tig und \u00fcbernehmen die Suche f\u00fcr Sie!<br \/>\n[\/et_pb_text][\/et_pb_column][et_pb_column type=&#8220;1_3&#8243; _builder_version=&#8220;3.25&#8243; custom_padding=&#8220;|||&#8220; _i=&#8220;1&#8243; _address=&#8220;1.1.1&#8243; custom_padding__hover=&#8220;|||&#8220;][et_pb_text disabled_on=&#8220;on||&#8220; _builder_version=&#8220;3.27.4&#8243; text_font=&#8220;|700|||||||&#8220; text_text_color=&#8220;#777777&#8243; header_font=&#8220;|700|||||||&#8220; header_text_color=&#8220;#777777&#8243; header_font_size=&#8220;22pt&#8220; text_orientation=&#8220;center&#8220; _i=&#8220;0&#8243; _address=&#8220;1.1.1.0&#8243;]Das pers\u00f6nliche Gespr\u00e4ch<br \/>\n[\/et_pb_text][et_pb_text disabled_on=&#8220;|on|on&#8220; admin_label=&#8220;Text mobil&#8220; _builder_version=&#8220;3.27.4&#8243; text_font=&#8220;|700|||||||&#8220; text_text_color=&#8220;#777777&#8243; header_font=&#8220;|700|||||||&#8220; header_text_color=&#8220;#777777&#8243; header_font_size=&#8220;22pt&#8220; _i=&#8220;1&#8243; _address=&#8220;1.1.1.1&#8243;]Das pers\u00f6nliche Gespr\u00e4ch<br \/>\n[\/et_pb_text][et_pb_blurb image=&#8220;https:\/\/kbryant.de\/blog\/wp-content\/uploads\/2017\/12\/Bewerber_Kreis_PersoenlicheGespreach.png&#8220; _builder_version=&#8220;3.0.94&#8243; header_level=&#8220;h3&#8243; header_text_align=&#8220;left&#8220; header_text_color=&#8220;#a8aaac&#8220; body_font=&#8220;|300|||||||&#8220; body_text_align=&#8220;left&#8220; _i=&#8220;2&#8243; _address=&#8220;1.1.1.2&#8243;]Ein paar Angaben im Internet oder ein Lebenslauf ersetzen kein pers\u00f6nliches Gespr\u00e4ch. Deshalb legen wir gro\u00dfen Wert auf das pers\u00f6nliche Kennenlernen und laden Sie gerne zu uns ein.<br \/>\n[\/et_pb_blurb][et_pb_text _builder_version=&#8220;3.27.4&#8243; text_font=&#8220;|||on|||||&#8220; text_text_color=&#8220;#f9ab32&#8243; _i=&#8220;3&#8243; _address=&#8220;1.1.1.3&#8243;]Denn nur, wenn wir Ihre W\u00fcnsche, Bed\u00fcrfnisse und Karriereziele genau kennen, finden wir f\u00fcr Sie einen Job, mit dem Sie sich rundum wohlf\u00fchlen.<br \/>\n[\/et_pb_text][\/et_pb_column][et_pb_column type=&#8220;1_3&#8243; _builder_version=&#8220;3.25&#8243; custom_padding=&#8220;|||&#8220; _i=&#8220;2&#8243; _address=&#8220;1.1.2&#8243; custom_padding__hover=&#8220;|||&#8220;][et_pb_text disabled_on=&#8220;on||&#8220; _builder_version=&#8220;3.27.4&#8243; text_font=&#8220;|700|||||||&#8220; text_text_color=&#8220;#777777&#8243; header_font=&#8220;|700|||||||&#8220; header_text_color=&#8220;#777777&#8243; header_font_size=&#8220;22pt&#8220; text_orientation=&#8220;center&#8220; _i=&#8220;0&#8243; _address=&#8220;1.1.2.0&#8243;]Unser Team f\u00fchrt Sie zum Erfolg<br \/>\n[\/et_pb_text][et_pb_text disabled_on=&#8220;|on|on&#8220; admin_label=&#8220;Text mobil&#8220; _builder_version=&#8220;3.27.4&#8243; text_font=&#8220;|700|||||||&#8220; text_text_color=&#8220;#777777&#8243; header_font=&#8220;|700|||||||&#8220; header_text_color=&#8220;#777777&#8243; header_font_size=&#8220;22pt&#8220; _i=&#8220;1&#8243; _address=&#8220;1.1.2.1&#8243;]Unser Team f\u00fchrt Sie zum Erfolg<br \/>\n[\/et_pb_text][et_pb_blurb image=&#8220;https:\/\/kbryant.de\/blog\/wp-content\/uploads\/2017\/12\/Bewerber_Kreis_UnserTeam.png&#8220; disabled_on=&#8220;off||&#8220; _builder_version=&#8220;3.0.94&#8243; header_level=&#8220;h3&#8243; header_text_align=&#8220;left&#8220; body_font=&#8220;|300|||||||&#8220; body_text_align=&#8220;left&#8220; _i=&#8220;2&#8243; _address=&#8220;1.1.2.2&#8243;]Unser Team aus kompetenten Personalberatern mit langj\u00e4hriger Erfahrung hilft Ihnen nicht nur bei der Suche nach einem neuen Arbeitsplatz, nein, wir spielen zusammen in einem Team und unterst\u00fctzen Sie auf dem kompletten Weg zu Ihrem Traumjob.<br \/>\n[\/et_pb_blurb][et_pb_text _builder_version=&#8220;3.27.4&#8243; text_font=&#8220;|||on|||||&#8220; text_text_color=&#8220;#f9ab32&#8243; _i=&#8220;3&#8243; _address=&#8220;1.1.2.3&#8243;]Wir bereiten Sie auf das Bewerbungsgespr\u00e4ch oder auf unangenehme Themen wie die Gehaltsverhandlung vor \u2013 damit Ihrem Erfolg nichts mehr im Wege steht!<br \/>\n[\/et_pb_text][\/et_pb_column][\/et_pb_row][et_pb_row _builder_version=&#8220;3.25&#8243; background_size=&#8220;initial&#8220; background_position=&#8220;top_left&#8220; background_repeat=&#8220;repeat&#8220; _i=&#8220;2&#8243; _address=&#8220;1.2&#8243;][et_pb_column type=&#8220;4_4&#8243; _builder_version=&#8220;3.25&#8243; custom_padding=&#8220;|||&#8220; _i=&#8220;0&#8243; _address=&#8220;1.2.0&#8243; custom_padding__hover=&#8220;|||&#8220;][et_pb_divider show_divider=&#8220;off&#8220; admin_label=&#8220;Teiler Ball&#8220; _builder_version=&#8220;3.2&#8243; background_image=&#8220;https:\/\/kbryant.de\/blog\/wp-content\/uploads\/2017\/12\/Mittellinie_oben.png&#8220; background_size=&#8220;contain&#8220; height=&#8220;36px&#8220; global_module=&#8220;120&#8243; saved_tabs=&#8220;all&#8220; _i=&#8220;3&#8243; _address=&#8220;2.0.0.3&#8243;]<\/p>\n<p>[\/et_pb_divider][et_pb_text _builder_version=&#8220;3.27.4&#8243; text_font=&#8220;|700||on|||||&#8220; text_text_color=&#8220;#f9ab32&#8243; text_line_height=&#8220;1&#8243; header_font=&#8220;|700||on|||||&#8220; header_text_align=&#8220;center&#8220; header_text_color=&#8220;#f9ab32&#8243; text_orientation=&#8220;center&#8220; _i=&#8220;1&#8243; _address=&#8220;1.2.0.1&#8243;]<\/p>\n<h1 style=\"text-align: center;\"><a href=\"\/jobboerse\">Weiter zur Jobb\u00f6rse<\/a><\/h1>\n<p>[\/et_pb_text][\/et_pb_column][\/et_pb_row][\/et_pb_section][et_pb_section fb_built=&#8220;1&#8243; fullwidth=&#8220;on&#8220; _builder_version=&#8220;3.22&#8243; fb_built=&#8220;1&#8243; _i=&#8220;2&#8243; _address=&#8220;2&#8243;][et_pb_fullwidth_map address=&#8220;Munich, Germany&#8220; zoom_level=&#8220;14&#8243; address_lat=&#8220;48.136620501538&#8243; address_lng=&#8220;11.575274654464&#8243; mouse_wheel=&#8220;off&#8220; mobile_dragging=&#8220;off&#8220; _builder_version=&#8220;3.0.94&#8243; _i=&#8220;0&#8243; _address=&#8220;2.0&#8243;][et_pb_map_pin title=&#8220;Hier findet ihr uns!&#8220; pin_address=&#8220;Schwanthalerstra\u00dfe 10, 80336 M\u00fcnchen, Germany&#8220; pin_address_lat=&#8220;48.137527&#8243; pin_address_lng=&#8220;11.5632472&#8243; _builder_version=&#8220;3.0.94&#8243; _i=&#8220;0&#8243; _address=&#8220;2.0.0&#8243;]KBryant GmbH[\/et_pb_map_pin][\/et_pb_fullwidth_map][\/et_pb_section]<\/p>\n","protected":false},"excerpt":{"rendered":"<p>Werden Sie zum Playmaker! \u2013 Eine Bewerbung gen\u00fcgt. Sie m\u00f6chten sich weiterentwickeln oder suchen eine neue Perspektive? Da haben Sie bei uns den Volltreffer gelandet. Bei KBryant erhalten Sie immer aktuelle Jobangebote, k\u00f6nnen sich direkt und initiativ bewerben oder sich von unserem Team umfassend und kompetent beraten lassen. Egal ob Initiativbewerbung oder Bewerbung auf ein [&hellip;]<\/p>\n","protected":false},"author":7,"featured_media":0,"parent":0,"menu_order":0,"comment_status":"closed","ping_status":"closed","template":"","meta":{"_et_pb_use_builder":"on","_et_pb_old_content":"","_et_gb_content_width":"","footnotes":""},"tags":[],"yoast_head":"<!-- This site is optimized with the Yoast SEO plugin v24.5 - https:\/\/yoast.com\/wordpress\/plugins\/seo\/ -->\n<title>F\u00fcr Bewerber - KBryant<\/title>\n<meta name=\"robots\" content=\"index, follow, max-snippet:-1, max-image-preview:large, max-video-preview:-1\" \/>\n<link rel=\"canonical\" href=\"https:\/\/kbryant.de\/blog\/fuer-bewerber\/\" \/>\n<meta property=\"og:locale\" content=\"de_DE\" \/>\n<meta property=\"og:type\" content=\"article\" \/>\n<meta property=\"og:title\" content=\"F\u00fcr Bewerber - KBryant\" \/>\n<meta property=\"og:description\" content=\"Werden Sie zum Playmaker! \u2013 Eine Bewerbung gen\u00fcgt. Sie m\u00f6chten sich weiterentwickeln oder suchen eine neue Perspektive? Da haben Sie bei uns den Volltreffer gelandet. Bei KBryant erhalten Sie immer aktuelle Jobangebote, k\u00f6nnen sich direkt und initiativ bewerben oder sich von unserem Team umfassend und kompetent beraten lassen. Egal ob Initiativbewerbung oder Bewerbung auf ein [&hellip;]\" \/>\n<meta property=\"og:url\" content=\"https:\/\/kbryant.de\/blog\/fuer-bewerber\/\" \/>\n<meta property=\"og:site_name\" content=\"KBryant\" \/>\n<meta property=\"article:publisher\" content=\"https:\/\/www.facebook.com\/kbryantgmbh\" \/>\n<meta property=\"article:modified_time\" content=\"2019-09-09T12:01:46+00:00\" \/>\n<meta property=\"og:image\" content=\"https:\/\/kbryant.de\/blog\/wp-content\/uploads\/2019\/02\/kbryant-logo-seo.jpg\" \/>\n\t<meta property=\"og:image:width\" content=\"1250\" \/>\n\t<meta property=\"og:image:height\" content=\"1250\" \/>\n\t<meta property=\"og:image:type\" content=\"image\/jpeg\" \/>\n<meta name=\"twitter:card\" content=\"summary_large_image\" \/>\n<meta name=\"twitter:site\" content=\"@kbryant_gmbh\" \/>\n<meta name=\"twitter:label1\" content=\"Gesch\u00e4tzte Lesezeit\" \/>\n\t<meta name=\"twitter:data1\" content=\"7\u00a0Minuten\" \/>\n<script type=\"application\/ld+json\" class=\"yoast-schema-graph\">{\"@context\":\"https:\/\/schema.org\",\"@graph\":[{\"@type\":\"WebPage\",\"@id\":\"https:\/\/kbryant.de\/blog\/fuer-bewerber\/\",\"url\":\"https:\/\/kbryant.de\/blog\/fuer-bewerber\/\",\"name\":\"F\u00fcr Bewerber - KBryant\",\"isPartOf\":{\"@id\":\"https:\/\/kbryant.de\/blog\/#website\"},\"datePublished\":\"2017-12-27T20:53:38+00:00\",\"dateModified\":\"2019-09-09T12:01:46+00:00\",\"breadcrumb\":{\"@id\":\"https:\/\/kbryant.de\/blog\/fuer-bewerber\/#breadcrumb\"},\"inLanguage\":\"de\",\"potentialAction\":[{\"@type\":\"ReadAction\",\"target\":[\"https:\/\/kbryant.de\/blog\/fuer-bewerber\/\"]}]},{\"@type\":\"BreadcrumbList\",\"@id\":\"https:\/\/kbryant.de\/blog\/fuer-bewerber\/#breadcrumb\",\"itemListElement\":[{\"@type\":\"ListItem\",\"position\":1,\"name\":\"Startseite\",\"item\":\"https:\/\/kbryant.de\/blog\/\"},{\"@type\":\"ListItem\",\"position\":2,\"name\":\"F\u00fcr Bewerber\"}]},{\"@type\":\"WebSite\",\"@id\":\"https:\/\/kbryant.de\/blog\/#website\",\"url\":\"https:\/\/kbryant.de\/blog\/\",\"name\":\"KBryant\",\"description\":\"Personalvermittlung\",\"potentialAction\":[{\"@type\":\"SearchAction\",\"target\":{\"@type\":\"EntryPoint\",\"urlTemplate\":\"https:\/\/kbryant.de\/blog\/?s={search_term_string}\"},\"query-input\":{\"@type\":\"PropertyValueSpecification\",\"valueRequired\":true,\"valueName\":\"search_term_string\"}}],\"inLanguage\":\"de\"}]}<\/script>\n<!-- \/ Yoast SEO plugin. -->","yoast_head_json":{"title":"F\u00fcr Bewerber - KBryant","robots":{"index":"index","follow":"follow","max-snippet":"max-snippet:-1","max-image-preview":"max-image-preview:large","max-video-preview":"max-video-preview:-1"},"canonical":"https:\/\/kbryant.de\/blog\/fuer-bewerber\/","og_locale":"de_DE","og_type":"article","og_title":"F\u00fcr Bewerber - KBryant","og_description":"Werden Sie zum Playmaker! \u2013 Eine Bewerbung gen\u00fcgt. Sie m\u00f6chten sich weiterentwickeln oder suchen eine neue Perspektive? Da haben Sie bei uns den Volltreffer gelandet. Bei KBryant erhalten Sie immer aktuelle Jobangebote, k\u00f6nnen sich direkt und initiativ bewerben oder sich von unserem Team umfassend und kompetent beraten lassen. Egal ob Initiativbewerbung oder Bewerbung auf ein [&hellip;]","og_url":"https:\/\/kbryant.de\/blog\/fuer-bewerber\/","og_site_name":"KBryant","article_publisher":"https:\/\/www.facebook.com\/kbryantgmbh","article_modified_time":"2019-09-09T12:01:46+00:00","og_image":[{"width":1250,"height":1250,"url":"https:\/\/kbryant.de\/blog\/wp-content\/uploads\/2019\/02\/kbryant-logo-seo.jpg","type":"image\/jpeg"}],"twitter_card":"summary_large_image","twitter_site":"@kbryant_gmbh","twitter_misc":{"Gesch\u00e4tzte Lesezeit":"7\u00a0Minuten"},"schema":{"@context":"https:\/\/schema.org","@graph":[{"@type":"WebPage","@id":"https:\/\/kbryant.de\/blog\/fuer-bewerber\/","url":"https:\/\/kbryant.de\/blog\/fuer-bewerber\/","name":"F\u00fcr Bewerber - KBryant","isPartOf":{"@id":"https:\/\/kbryant.de\/blog\/#website"},"datePublished":"2017-12-27T20:53:38+00:00","dateModified":"2019-09-09T12:01:46+00:00","breadcrumb":{"@id":"https:\/\/kbryant.de\/blog\/fuer-bewerber\/#breadcrumb"},"inLanguage":"de","potentialAction":[{"@type":"ReadAction","target":["https:\/\/kbryant.de\/blog\/fuer-bewerber\/"]}]},{"@type":"BreadcrumbList","@id":"https:\/\/kbryant.de\/blog\/fuer-bewerber\/#breadcrumb","itemListElement":[{"@type":"ListItem","position":1,"name":"Startseite","item":"https:\/\/kbryant.de\/blog\/"},{"@type":"ListItem","position":2,"name":"F\u00fcr Bewerber"}]},{"@type":"WebSite","@id":"https:\/\/kbryant.de\/blog\/#website","url":"https:\/\/kbryant.de\/blog\/","name":"KBryant","description":"Personalvermittlung","potentialAction":[{"@type":"SearchAction","target":{"@type":"EntryPoint","urlTemplate":"https:\/\/kbryant.de\/blog\/?s={search_term_string}"},"query-input":{"@type":"PropertyValueSpecification","valueRequired":true,"valueName":"search_term_string"}}],"inLanguage":"de"}]}},"_links":{"self":[{"href":"https:\/\/kbryant.de\/blog\/wp-json\/wp\/v2\/pages\/107"}],"collection":[{"href":"https:\/\/kbryant.de\/blog\/wp-json\/wp\/v2\/pages"}],"about":[{"href":"https:\/\/kbryant.de\/blog\/wp-json\/wp\/v2\/types\/page"}],"author":[{"embeddable":true,"href":"https:\/\/kbryant.de\/blog\/wp-json\/wp\/v2\/users\/7"}],"replies":[{"embeddable":true,"href":"https:\/\/kbryant.de\/blog\/wp-json\/wp\/v2\/comments?post=107"}],"version-history":[{"count":37,"href":"https:\/\/kbryant.de\/blog\/wp-json\/wp\/v2\/pages\/107\/revisions"}],"predecessor-version":[{"id":2631,"href":"https:\/\/kbryant.de\/blog\/wp-json\/wp\/v2\/pages\/107\/revisions\/2631"}],"wp:attachment":[{"href":"https:\/\/kbryant.de\/blog\/wp-json\/wp\/v2\/media?parent=107"}],"wp:term":[{"taxonomy":"post_tag","embeddable":true,"href":"https:\/\/kbryant.de\/blog\/wp-json\/wp\/v2\/tags?post=107"}],"curies":[{"name":"wp","href":"https:\/\/api.w.org\/{rel}","templated":true}]}}